hundreds digit of a?
2
Let u = 30900 + -19968. What is the hundreds digit of u?
9
Suppose 5293 + 7871 = 12*p. What is the hundreds digit of p?
0
Let b be -10 - -9 - -23*(0 - 2). Let g = 45 + b. What is the units digit of 1/g*25/10*-4?
5
Suppose -277 = -b + 3*f + 417, -3*b + 3*f + 2100 = 0. Let j = -252 + b. What is the tens digit of j?
5
Let n(y) = -258*y**2 - y - 4. Let g be n(4). Let h be g/(-20) + 5 - 1/(-5). Let z = h - 94. What is the units digit of z?
8
Let q = 422 + -410. What is the units digit of (43 - 4)/(2/q)?
4
What is the hundreds digit of -3448*(-33)/(-220)*(-20)/3?
4
Let s = 242 - 242. Suppose s = -2*u - 14*u + 10416. What is the units digit of u?
1
Suppose 28*l - r = 26*l + 964, -485 = -l - r. Let t = l - 79. What is the hundreds digit of t?
4
Let o(c) = 106*c + 6842. What is the hundreds digit of o(72)?
4
What is the hundreds digit of 27310 - (7 + 30 + -19)?
2
Suppose -4*x - 248 = 2*p - 774, -x = p - 130. Suppose -19 = 4*l - 0*o - o, 5*l - 5*o = -35. What is the hundreds digit of 6 + l + x + -5?
1
Let x(h) = -61*h - 189. What is the tens digit of x(-89)?
4
Suppose -o = -4*j + 761, 565 = 3*j + 3*o + 2*o. Let i = j - 129. Suppose -5*x + 2*u + 84 = -i, -4*u = -2*x + 42. What is the units digit of x?
1
Suppose -19*s + 3*i = -21*s + 5, s + 2*i = 2. What is the units digit of 570 + ((-99)/(-66))/(6/s)?
1
Let o = -10 - -24. What is the units digit of (-2144)/(-12)*(o/4 + -2)?
8
Suppose 0 = -3*d + 4*n - 14, -12*d + 11*d + 22 = 4*n. Suppose d*i - 1095 = -257. What is the tens digit of i?
1
Let j(q) = -32*q + 14. Let w be -33 + 28 - (0 - -1) - 8. What is the tens digit of j(w)?
6
Let t be (3/(-4))/3*-4. Let r(i) = 747*i**2 - 5*i + 8. Let z(n) = 250*n**2 - 2*n + 3. Let w(b) = 3*r(b) - 8*z(b). What is the units digit of w(t)?
2
Let z = 489 - -230. Suppose -8*d + 2703 = z. What is the tens digit of d?
4
Let l = -2500 + 1387. Let w = l - -1866. What is the hundreds digit of w?
7
Suppose -z - 5*b = -271, 0*z + 5*b = -3*z + 843. Suppose -205 = 3*x + 383. Let s = z + x. What is the units digit of s?
0
Let m(c) = 1608*c - 212. What is the ten thousands digit of m(9)?
1
Let q(g) = 209*g**2 + 587*g - 8055. What is the tens digit of q(14)?
2
Let m be ((-2)/(-3))/((-2)/9). Let s(d) be the third derivative of -d**6/120 + d**5/15 + d**3/2 - d**2. What is the units digit of s(m)?
6
Let s(f) = -166*f**3 - 8*f**2 + 36. Let o be s(-5). Suppose -12*g + o = 5790. What is the hundreds digit of g?
2
Suppose -10*t = -22910 + 7040. Suppose -4*v - 2507 = -5*l, -4*l + 435 = 5*v - t. What is the tens digit of l?
0
Suppose 42*x = 77*x - 91210. What is the thousands digit of x?
2
Suppose -10 = 5*w + 135. Let c(r) = -r**2 + 15*r + 247. Let b be c(-9). Let g = b + w. What is the units digit of g?
2
Let j = -28037 + 28043. Suppose c = 6*c - 100. What is the tens digit of (c/j - 2)/(6/693)?
5
Let w(k) = 145*k**2 + 3*k - 1. Let f be w(-3). Suppose f + 1942 = 13*u. What is the units digit of u?
9
Let i(w) = 133*w + 1273. What is the units digit of i(87)?
4
Suppose 5*n + 6 = -3*x + 10, 0 = -3*n + 6. What is the hundreds digit of 9/((-1)/474*3*x)?
7
Suppose -8*t + 1 = -6*t + 3*q, 0 = -4*t - q + 17. Let l(s) = 40*s - 8. Let z be l(7). Suppose -t*o + o = -z. What is the tens digit of o?
6
Let k(b) = 1114*b + 6758. What is the tens digit of k(41)?
3
Suppose 3*y = 3*b, 4*y + 3*b + 0*b = 0. Suppose l + 4*x + y - 16 = 0, -3*x + 12 = 0. Suppose 0 = -r - 5, l = -4*i + 2*r + r + 203. What is the units digit of i?
7
Let h = -657 + 660. Suppose -4*a + h*q = -3498, -a - 35*q = -32*q - 882. What is the units digit of a?
6
Let b(c) = 2*c**2 + 12*c - 156. Let v be b(7). Suppose -v*y + 42315 = 5*y. What is the thousands digit of y?
1
Suppose -149*t + 151*t + l = 4282, -4 = -l. What is the tens digit of t?
3
Suppose -3*o + 11155 = 2*d, -o + 33011 - 5091 = 5*d. What is the tens digit of d?
8
Suppose -3*u = -4*b - 9848, -38*b + 43*b = -10. What is the hundreds digit of u?
2
Let n = -87 - -102. What is the tens digit of 114 + ((-4)/(-3) - 20/n)?
1
Suppose -3*a - 5*b + 345 = -0*a, 0 = 5*a + b - 553. What is the hundreds digit of 19806/14 - a/(-385)?
4
Suppose -2*h + h = 12. What is the hundreds digit of 468 + (4/h)/((-2)/(-12))?
4
Let k(u) = -3*u**2 + 5*u + 7. Let g be k(2). Suppose p + 5*c = g*p - 2036, 1496 = 3*p + 4*c. What is the tens digit of p?
0
Let j be (35/(-3))/(-1 - 4/(-6)). Let o = j + 158. Let l = o + -121. What is the units digit of l?
2
Let a be (18/4)/(3/4). Suppose -3*v - 4 = -4*y + a*y, 0 = -2*v + 5*y + 10. Suppose 2*g - 234 = p, 4*g + p - 2*p - 466 = v. What is the hundreds digit of g?
1
Suppose -46*w + 65 = -349. What is the units digit of ((-9162)/15)/(w + (-465)/50)?
6
Let r be (0 - 1)*(-896 - -1). Let n = r - 582. What is the units digit of n?
3
Let z(i) = -3326*i - 811. What is the tens digit of z(-2)?
4
Let x(h) = 28 + 160*h + 20 - 54 + 85*h. What is the units digit of x(2)?
4
Let v = -113 + 118. Suppose -5*c - 380 = -v*y, -5*c = -3*y - 0*c + 220. What is the units digit of y?
0
Suppose 0 = -10*l + 26 - 76. What is the hundreds digit of (5349/15 + l)*5/2?
8
Let h(p) = -357*p + 214. Let o(f) = 179*f - 102. Let c(z) = 2*h(z) + 5*o(z). What is the thousands digit of c(6)?
1
Suppose 0 = -3*u + 7*u. Let b be u + -1 + 0*(-2)/(-8). What is the units digit of 4 - 0 - ((-1 - b) + 3)?
1
Suppose -150*q - 6876 = -176*q + 240540. What is the hundreds digit of q?
5
Let l be -7 + -12*1/(-2). What is the tens digit of (7 - (-2)/l) + (208 - -2)?
1
Suppose 0 = 3*l + 5*x + 2534, -7*l + 4*x - 4248 = -2*l. Let k = -541 - l. What is the hundreds digit of k?
3
Let t(u) be the second derivative of -16*u + 2/3*u**4 - 6*u**2 + 0 - 1/3*u**3. What is the units digit of t(4)?
8
Suppose -35*a = -30*a + 175. What is the units digit of (0 - -1)*-5*2226/a?
8
Let u(h) = 245*h**2 + 100*h - 911. What is the units digit of u(13)?
4
Let d(o) = 80*o**2 + 320*o - 6587. What is the tens digit of d(23)?
9
Let b be 2 - 3/(-2)*(-34)/(-3). Suppose b*n - 4*n = 30. Suppose -2*u + n*f = -114, -127 = -4*u - f + 96. What is the units digit of u?
6
Suppose 7 = t - h, -7 = -6*t + 2*t - 3*h. Suppose -1519 = -t*n - 71. What is the hundreds digit of n?
3
Let h(p) = -2*p - 94. Let g be h(-20). What is the tens digit of (-1096)/4*(g/12)/3?
1
Let m be -1 - (-140)/16*(-8)/(-2). Suppose -9*r + m = -47. Suppose -4*p - 12 = 0, -4*i - 5*p - 595 = -r*i. What is the tens digit of i?
1
Let l be ((-2)/(-6))/(4/13548). Suppose -4*n - 401 = -l. What is the tens digit of n?
8
Let s(b) = 185*b**2 + 15*b + 65. What is the thousands digit of s(-5)?
4
Let d = -18 + 34. Suppose d*l = 18*l + 178. Let u = 3 - l. What is the tens digit of u?
9
What is the units digit of (24 - 35) + 22 + (0 - -40659)?
0
Let x be (-18)/(-2) - 6/(-30)*-25. Suppose -5*m = -2*y - 2411, -1404 = -x*m - y + 530. What is the units digit of m?
3
Let m = -5824 - -30158. What is the thousands digit of m?
4
Let m(p) = -5*p**2 - 20*p. Let u be m(-4). Suppose 3*f + j - 610 = u, 19*f - 17*f - 424 = -5*j. What is the units digit of f?
2
Suppose -4*b = 4*l + 48, -2*l - 2*b + 20 = -4*l. Let i be 12/2*(-11)/(l/200). Suppose -a + i = 4*a. What is the tens digit of a?
4
Suppose -5*w = -2*v + 94, -v = w - 3*v + 14. Let o = 31 + w. Suppose -13*s + 52 = -o*s. What is the units digit of s?
6
Let m be (-8)/(-2) - (-1 + 2). What is the units digit of 432 - 1 - (m + -2)?
0
What is the units digit of ((-693)/88 - -8) + (-1 - (-220414)/16)?
5
Suppose 0 = -a + 3*z - 7*z + 17914, z = -4*a + 71731. What is the units digit of a?
4
Let n(w) = -2*w**2 - w + 167. Suppose 0 = 3*m + 6*m + 720. Let o = m + 80. What is the units digit of n(o)?
7
Suppose -2*w - 2*c + 4*c + 6 = 0, -3*w + 9 = 2*c. Suppose 2*s - 16 = -x, -3*s + 2*s - 20 = -w*x. What is the tens digit of (8 - 0)*(5 - x/32)?
3
Suppose -8*w - 1 + 41 = 0. Suppose w - 13 = -2*o. Let t = 94 - o. What is the units digit of t?
0
Suppose 80 = -4*j + 14*j. What is the tens digit of (-60)/j*(-564)/18?
3
Let c = -639 - -1130. Suppose 3*z - 544 = c. What is the tens digit of z?
4
Let p be 0 + (-60)/32 + 6/(-48). What is the units digit of (1163 - -15)/((-3 - 1)/p)?
9
Suppose 1550523 = 173*c - 774770. What is the ten thousands digit of c?
1
Suppose 16*a = 15*a - 49. Let y = a - -53. What is the units digit of y/2*(129/6 + -4)?
5
Let s(u) = u**3 + 83